vided by 16?
15
Let t(z) = 134*z - 863. What is the remainder when t(7) is divided by 30?
15
Let g(p) = p**2 - 2*p - 37. What is the remainder when 55 is divided by g(-6)?
0
Let v = -32 - -46. Suppose 8*w - 4*w - 12 = 2*p, -p - 10 = -4*w. Suppose -66 = -x - w*x + 3*b, -3*x + 98 = 5*b. What is the remainder when x is divided by v?
12
Let c(a) = a**2 + 14*a - 946. Let l(g) = 39*g - 4. Let k(z) = -z + 3. Let r be k(0). Calculate the remainder when l(r) is divided by c(25).
26
Calculate the remainder when ((-444)/370)/((-2)/830*3) is divided by 8.
6
Let f = -622 + 688. Suppose -2*o + 24 = 2*v, -4*o + 60 = 5*v + 17. Calculate the remainder when f is divided by o.
15
Let o = 131 - 64. Calculate the remainder when o is divided by 17.
16
Suppose 3*r = 5*b - 2*r - 110, -5*r - 25 = 0. What is the remainder when (-4)/(-7) - 3090/(-105) is divided by b?
13
Suppose 7*v + 252 - 651 = 0. What is the remainder when 145 is divided by v?
31
Let w be ((-5)/(45/12))/(2/(-3)). Suppose -3*d + 233 = -w*c, d + 312 = 5*d - 4*c. What is the remainder when d is divided by 39?
38
Suppose 3*c - 38 = -4*l, 5*c + l = -3*l + 58. What is the remainder when (-7)/((-35)/24) + 2/c is divided by 3?
2
Suppose -b = -2*h - 16, 3*b + h - 8 = -h. What is the remainder when 31 is divided by 40/b*42/35?
7
Let i(g) = g + 17. Let j be i(-12). Suppose -270 = -7*r + 3*r + j*u, -185 = -3*r - 5*u. Calculate the remainder when r is divided by -2*11/(-4)*4.
21
Suppose 2*a + 656 = 10*a. Suppose 2*q = 3*m - 41 - 4, -a = -5*m + q. What is the remainder when 49 is divided by m?
15
Let s(j) = -2*j**3 - 3*j**2 + 8*j + 14. What is the remainder when s(-3) is divided by 6?
5
What is the remainder when (-29 - -34) + (423 - -2) is divided by 48?
46
Let j = -52 + 75. Let i = 4245 + -4232. Calculate the remainder when j is divided by i.
10
What is the remainder when (-3)/(9/(-132)) + -3 is divided by 5 + (2/3 - (-48)/9)?
8
Suppose -3*w = 4*f + f - 12, f = 2*w - 21. What is the remainder when ((-9)/(-12))/((-9)/(-288)) is divided by 80/6 - 3/w?
11
Let p be (-5)/(-3) + -4 + 48/9. Suppose -2*a + 323 - 2 = -x, p*a - 471 = -2*x. What is the remainder when a is divided by 32?
31
Let m(n) = -n**2 - 13*n - 27. Let g be m(-16). Let y = g + 96. Calculate the remainder when y is divided by 11.
10
Let u be 225/60*(-32)/(-3). Let k = 9 + u. What is the remainder when k is divided by 15?
4
Let r be 6 - 9/(36/16). Suppose -r*d + 0 = -16. Let q = -3 + d. Calculate the remainder when 9 is divided by q.
4
Suppose 5 = -33*g + 104. Suppose 4*s = -9 + 133. Suppose 0*l - 5*l + x + 11 = 0, -5*l = 4*x - s. Calculate the remainder when l is divided by g.
0
Let b(m) = m - 8. Let a be b(14). Let w be (-4)/a + 24/9. Let r(g) = 30*g - 3. Calculate the remainder when r(w) is divided by 20.
17
Let z = -25 + 50. Suppose -x + 3 = -4*g, g + 28 = 5*x - z. Suppose 2*j = 3*y - 122, -j - 124 = 4*y - 7*y. What is the remainder when y is divided by x?
9
Suppose 26*w = 15*w + 176. Calculate the remainder when 111 is divided by w.
15
Let a(n) = -n**3 + n**2 + n + 4. Calculate the remainder when 68 is divided by a(-3).
31
Let a(l) = -l - 9. Let u be a(-6). Let y be u*(-2)/(-6)*-48. Suppose 0 = 4*x - y. Calculate the remainder when x is divided by 7.
5
Let p be (-189)/9 + 4/1. Let f = -15 - p. What is the remainder when (-3)/2 + (-105)/(-10) is divided by f?
1
Let y(j) = 61*j**3 - j - 1. Suppose 9 = -7*w + 2. Let n be y(w). Let m = -36 - n. Calculate the remainder when m is divided by 13.
12
Let l = 98 - 55. Calculate the remainder when l is divided by 5 + (-28)/14 + 6.
7
Suppose 7*j - 11*j + 24 = 0. Calculate the remainder when (51/4)/(j/16) is divided by 6.
4
Let w be ((18/(-21))/(-1))/(3/14). Suppose -5*c = -2*c - 15. What is the remainder when 22 is divided by c + 3 - (w - 1)?
2
Let w = -253 - -479. Calculate the remainder when w is divided by 68.
22
Suppose 4*d + 4 - 176 = 0. Calculate the remainder when (5 - -164) + 2 + -2 is divided by d.
40
Suppose 8*f - 14 = 2. Calculate the remainder when 69 is divided by f + 3/3*8.
9
Let q(o) be the first derivative of -o**3/3 - 17*o**2/2 - 19*o - 8. What is the remainder when 76 is divided by q(-15)?
10
Suppose -52 = -4*u - 2*s, -5*u + 4*s + 87 = s. What is the remainder when u is divided by 4*6/48 - 60/(-8)?
7
Let w(i) = 3*i**2 - 68*i + 22. Calculate the remainder when w(23) is divided by 44.
1
Let s = 33 - 31. Suppose s*z + z = 60. What is the remainder when 38 is divided by z?
18
Let z be -1*(36/16 - 1/4). Calculate the remainder when 100 is divided by ((-1)/z)/(1/34).
15
Let u(x) = -x**3 + 17*x**2 - 18*x + 40. Let j be u(16). Calculate the remainder when 10 is divided by 5/(j + -3) + (0 - -2).
1
Let g = -96 - 1. Let x = g + 127. What is the remainder when x is divided by 11?
8
Suppose -29*m + 4*d + 580 = -26*m, -20 = 5*d. Calculate the remainder when m is divided by 90.
8
Suppose -47 + 7 = -2*m. What is the remainder when 737 is divided by m?
17
Suppose 64 = 5*h + o - 329, -3*h + 4*o + 245 = 0. What is the remainder when 231 is divided by h?
73
Let y = -256 - -505. Calculate the remainder when y is divided by 25.
24
Suppose 1971 = 6*t + 1887. What is the remainder when 47 is divided by t?
5
Suppose 2*p + 0*p - 16 = 0. Suppose -16*u + 19*u = 0. Suppose u = 5*s - 93 - 17. What is the remainder when s is divided by p?
6
Let b(f) = -f**2 + 6*f - 2. What is the remainder when 5762/258 - 1/3 is divided by b(4)?
4
Let n = 3 - -8. Let j = -127 - -169. What is the remainder when j is divided by n?
9
Let g(t) = -10*t - t**3 + 0*t**2 - t + 7 - 12*t**2. Calculate the remainder when g(-12) is divided by 28.
27
Let m = -532 + 586. Calculate the remainder when 64 is divided by m.
10
Let r be 4/10 - 36/(-10). Suppose 7*x = r*x + 57. Suppose 2*j + 24 = 8*j. What is the remainder when x is divided by j?
3
Suppose -4 - 1 = 3*f - n, -5*f - n + 5 = 0. Suppose f = 5*u - 30 - 10. Suppose 15*r = 9*r + 180. Calculate the remainder when r is divided by u.
6
Suppose 5*p = -2*p. Suppose 4*g - 6*g + 76 = p. What is the remainder when g is divided by 21?
17
Let k = 180 + -25. Suppose -j + 5*r = -46, 4*r = -3*j + 2*r + k. Let a(b) = 2*b**2 + 212*b - 636. Calculate the remainder when j is divided by a(3).
15
Let u = 232 - 35. What is the remainder when u is divided by 12?
5
Let f be 3/(3 - 4/2). Suppose -4*b + 7*b + 129 = f*o, -5*b - 175 = -4*o. Calculate the remainder when o is divided by 11.
7
Let f be (1/(-2))/(6/(-60)). Suppose -89 = f*j - 239. What is the remainder when j is divided by 18/(-15)*(-40)/6?
6
Suppose -10 = 42*o - 47*o. Let c(a) = 3*a**3 + a**2 - 5*a + 6. Calculate the remainder when 93 is divided by c(o).
21
Let q(h) = -h**2 - 4*h + 5. Let w be q(-4). Suppose -w*t = 4 - 19. Suppose 33 = t*g + a, -23 = g - 3*g - a. What is the remainder when g is divided by 3?
1
Suppose 12*o - 17*o + 135 = 0. Let p = 22 + -6. Calculate the remainder when o is divided by p.
11
Let k = 88 - 70. What is the remainder when 88 is divided by k?
16
Suppose z = -4*z. Suppose -4*v + 24 = -4*g, -2*g + z*g = 2*v - 24. Suppose 31 = 2*o + v. What is the remainder when 31 is divided by o?
9
Suppose 0 = 4*u + 5*f - 12, u - 29 = 4*f - 5. Let j(s) = -s**2 - 18*s - 64. Calculate the remainder when j(-11) is divided by u.
5
Suppose -8 = -u - 6. Suppose -82 = -4*k + 2*s, -3*s = 4*k + u*s - 47. What is the remainder when 47 is divided by k?
11
Let b(q) = -21*q**3 - q**2 + 1. Let n be b(2). What is the remainder when 28/35 - n/5 is divided by 12?
11
Calculate the remainder when 6034/6*1 - 200/(-150) is divided by 48.
47
Let h = 11 - -2. Suppose -36 = -f - h. Calculate the remainder when f is divided by 13.
10
Let w(g) = -5*g**2 - 66*g - 67. What is the remainder when 34 is divided by w(-12)?
4
Let g be (-23 + 20)*(-1 - 0). Suppose -z = -5*s + 42, -2*z + 38 = g*s + 5. What is the remainder when 25 is divided by s?
7
Suppose 5*a + 5*y - 76 = -16, -a = 5*y - 8. Let t = 44 + 1. Calculate the remainder when t is divided by a.
6
Suppose 4*h = 4*g - 293 - 327, 4*h = g - 155. Suppose -g = -7*d - 22. Calculate the remainder when 56 is divided by d.
18
Let u be 296/12*(14/4 - 2). Let a = u - -18. Calculate the remainder when a is divided by 28.
27
Suppose 18*q = 16*q + 54. Calculate the remainder when 17/1*(27 + -16) is divided by q.
25
What is the remainder